{"id":8095,"date":"2025-09-26T10:22:44","date_gmt":"2025-09-26T09:22:44","guid":{"rendered":"https:\/\/apiario.pt\/?post_type=product&#038;p=8095"},"modified":"2025-09-26T10:22:45","modified_gmt":"2025-09-26T09:22:45","slug":"bolbo-ixias-mix","status":"publish","type":"product","link":"https:\/\/apiario.pt\/index.php\/produto\/bolbo-ixias-mix\/","title":{"rendered":"Bolbo ixias mix"},"content":{"rendered":"<p>N\u00e3o \u00e9 poss\u00edvel escolher a cor<\/p>\n","protected":false},"excerpt":{"rendered":"<p>N\u00e3o \u00e9 poss\u00edvel escolher a cor<\/p>\n","protected":false},"featured_media":8096,"comment_status":"open","ping_status":"closed","template":"","meta":{"_uag_custom_page_level_css":"","site-sidebar-layout":"default","site-content-layout":"","ast-site-content-layout":"default","site-content-style":"default","site-sidebar-style":"default","ast-global-header-display":"","ast-banner-title-visibility":"","ast-main-header-display":"","ast-hfb-above-header-display":"","ast-hfb-below-header-display":"","ast-hfb-mobile-header-display":"","site-post-title":"","ast-breadcrumbs-content":"","ast-featured-img":"","footer-sml-layout":"","ast-disable-related-posts":"","theme-transparent-header-meta":"default","adv-header-id-meta":"","stick-header-meta":"","header-above-stick-meta":"","header-main-stick-meta":"","header-below-stick-meta":"","astra-migrate-meta-layouts":"set","ast-page-background-enabled":"default","ast-page-background-meta":{"desktop":{"background-color":"","background-image":"","background-repeat":"repeat","background-position":"center center","background-size":"auto","background-attachment":"scroll","background-type":"","background-media":"","overlay-type":"","overlay-color":"","overlay-opacity":"","overlay-gradient":""},"tablet":{"background-color":"","background-image":"","background-repeat":"repeat","background-position":"center center","background-size":"auto","background-attachment":"scroll","background-type":"","background-media":"","overlay-type":"","overlay-color":"","overlay-opacity":"","overlay-gradient":""},"mobile":{"background-color":"","background-image":"","background-repeat":"repeat","background-position":"center center","background-size":"auto","background-attachment":"scroll","background-type":"","background-media":"","overlay-type":"","overlay-color":"","overlay-opacity":"","overlay-gradient":""}},"ast-content-background-meta":{"desktop":{"background-color":"var(--ast-global-color-5)","background-image":"","background-repeat":"repeat","background-position":"center center","background-size":"auto","background-attachment":"scroll","background-type":"","background-media":"","overlay-type":"","overlay-color":"","overlay-opacity":"","overlay-gradient":""},"tablet":{"background-color":"var(--ast-global-color-5)","background-image":"","background-repeat":"repeat","background-position":"center center","background-size":"auto","background-attachment":"scroll","background-type":"","background-media":"","overlay-type":"","overlay-color":"","overlay-opacity":"","overlay-gradient":""},"mobile":{"background-color":"var(--ast-global-color-5)","background-image":"","background-repeat":"repeat","background-position":"center center","background-size":"auto","background-attachment":"scroll","background-type":"","background-media":"","overlay-type":"","overlay-color":"","overlay-opacity":"","overlay-gradient":""}}},"product_brand":[],"product_cat":[261,263,270],"product_tag":[],"class_list":{"0":"post-8095","1":"product","2":"type-product","3":"status-publish","4":"has-post-thumbnail","6":"product_cat-casa-e-jardim","7":"product_cat-jardim","8":"product_cat-sementes","9":"desktop-align-center","10":"tablet-align-center","11":"mobile-align-center","13":"first","14":"instock","15":"taxable","16":"shipping-taxable","17":"purchasable","18":"product-type-simple"},"uagb_featured_image_src":{"full":["https:\/\/apiario.pt\/wp-content\/uploads\/2025\/09\/ixias.png",779,494,false],"thumbnail":["https:\/\/apiario.pt\/wp-content\/uploads\/2025\/09\/ixias-150x150.png",150,150,true],"medium":["https:\/\/apiario.pt\/wp-content\/uploads\/2025\/09\/ixias-300x190.png",300,190,true],"medium_large":["https:\/\/apiario.pt\/wp-content\/uploads\/2025\/09\/ixias-768x487.png",768,487,true],"large":["https:\/\/apiario.pt\/wp-content\/uploads\/2025\/09\/ixias.png",779,494,false],"1536x1536":["https:\/\/apiario.pt\/wp-content\/uploads\/2025\/09\/ixias.png",779,494,false],"2048x2048":["https:\/\/apiario.pt\/wp-content\/uploads\/2025\/09\/ixias.png",779,494,false],"woocommerce_thumbnail":["https:\/\/apiario.pt\/wp-content\/uploads\/2025\/09\/ixias-300x300.png",300,300,true],"woocommerce_single":["https:\/\/apiario.pt\/wp-content\/uploads\/2025\/09\/ixias-600x380.png",600,380,true],"woocommerce_gallery_thumbnail":["https:\/\/apiario.pt\/wp-content\/uploads\/2025\/09\/ixias-100x100.png",100,100,true]},"uagb_author_info":{"display_name":"Ana Pereira","author_link":"https:\/\/apiario.pt\/index.php\/author\/"},"uagb_comment_info":0,"uagb_excerpt":"N\u00e3o \u00e9 poss\u00edvel escolher a cor","_links":{"self":[{"href":"https:\/\/apiario.pt\/index.php\/wp-json\/wp\/v2\/product\/8095","targetHints":{"allow":["GET"]}}],"collection":[{"href":"https:\/\/apiario.pt\/index.php\/wp-json\/wp\/v2\/product"}],"about":[{"href":"https:\/\/apiario.pt\/index.php\/wp-json\/wp\/v2\/types\/product"}],"replies":[{"embeddable":true,"href":"https:\/\/apiario.pt\/index.php\/wp-json\/wp\/v2\/comments?post=8095"}],"wp:featuredmedia":[{"embeddable":true,"href":"https:\/\/apiario.pt\/index.php\/wp-json\/wp\/v2\/media\/8096"}],"wp:attachment":[{"href":"https:\/\/apiario.pt\/index.php\/wp-json\/wp\/v2\/media?parent=8095"}],"wp:term":[{"taxonomy":"product_brand","embeddable":true,"href":"https:\/\/apiario.pt\/index.php\/wp-json\/wp\/v2\/product_brand?post=8095"},{"taxonomy":"product_cat","embeddable":true,"href":"https:\/\/apiario.pt\/index.php\/wp-json\/wp\/v2\/product_cat?post=8095"},{"taxonomy":"product_tag","embeddable":true,"href":"https:\/\/apiario.pt\/index.php\/wp-json\/wp\/v2\/product_tag?post=8095"}],"curies":[{"name":"wp","href":"https:\/\/api.w.org\/{rel}","templated":true}]}}